omposite?
True
Let v(u) = u**2 + 3. Let a be v(-4). Let y = 24 - a. Suppose -4*w + y*s + 360 = -0*w, -4*w = s - 336. Is w composite?
True
Suppose -6*q + 3991 = 289. Suppose -p - 66 = -q. Is p a prime number?
False
Let g = 1253 + -3512. Is (5/(-15))/(3/g) a prime number?
True
Is (-7 - -4)/(6/(-4)) - -983 composite?
True
Let z(q) = q**3 + 16*q**2 - 7*q - 33. Is z(14) composite?
False
Let i(d) = d**3 - 5*d**2 - 15*d + 7. Let q be i(7). Suppose 8*r - 2*r - 1830 = q. Is r composite?
True
Let x = -4 - 2. Let q be (x/(-5))/((-2)/5). Is (-787 - -1)/q + -3 composite?
True
Let n(z) be the first derivative of z**5/30 + 3*z**4/8 + 13*z**3/6 + 3*z**2 - 4. Let i(p) be the second derivative of n(p). Is i(-6) a composite number?
False
Let v be (-3)/((-6)/(-14))*-1. Let g = 12 + v. Suppose -5*s + 31 = -g. Is s a composite number?
True
Let v be 3/9*(7 + 5) + 365. Let l = v + 100. Is l composite?
True
Suppose -f - 2 + 6 = 0. Suppose f*z = 185 + 27. Is z a composite number?
False
Let g(k) = 99*k - 10. Let u(r) = -198*r + 21. Let a(h) = 13*g(h) + 6*u(h). Is a(7) a composite number?
True
Suppose -4*k + 852 = -3*w, -w + 567 = -3*w + 3*k. Let m = 137 + w. Is (-15)/(-10) - m/2 composite?
True
Let a(d) = -d**2 - 1. Let c(n) = -8*n + 11. Let x(y) = -5*a(y) + c(y). Is x(-11) prime?
True
Let u(y) be the third derivative of -y**6/240 - y**5/40 - y**4/12 + 3*y**2. Let k(w) be the second derivative of u(w). Is k(-3) composite?
True
Let l be ((-120)/(-42))/((-2)/(-14)). Suppose 0 = -5*r - u + l, -3*u - 5 = 3*r + u. Suppose 2*x - 165 = -5*c, -c - 3*x + 21 = -r*x. Is c prime?
True
Let d = -40 - -105. Let s = 308 + d. Is s a prime number?
True
Is (-100425)/(-20) + -5 + (-3)/(-4) composite?
True
Let x = 18 + -14. Suppose x*n = -n + 385. Is n a composite number?
True
Let p(s) = -s**3 - 8*s**2 - 8*s - 1. Let l be p(-7). Let v be 3*(8/3)/4. Is (1/v + 2)*l prime?
False
Let f be (-4 - -3)/((-1)/(-117)). Let o = 260 + f. Is o a prime number?
False
Let k(h) = -h**3 + 4*h**2 + 2*h + 3. Let o be k(4). Let q(j) = 114*j**2 + 8*j + o - 115*j**2 + 3. Is q(8) a prime number?
False
Suppose 5*x - 5*a = 99725, -7*x - 79780 = -11*x + 3*a. Is x prime?
False
Suppose u = 5*x - 310, 3*u - x = 6*u + 978. Let v = 576 + u. Is v a prime number?
True
Let b = -9093 + 36520. Is b prime?
True
Let c(y) = 47*y - 28. Is c(13) a composite number?
True
Suppose -75*c + 15*c + 2157780 = 0. Is c composite?
False
Suppose m = 3*b - 99832, -133131 = -4*b - 6*m + 3*m. Is b a composite number?
True
Suppose 2*f - 4*h = 10090, 2*f - 6*f + 3*h = -20200. Is f a composite number?
True
Suppose -17*u + 14*u + 132 = 0. Suppose 2049 - u = 5*x. Is x prime?
True
Let q(b) be the first derivative of -b**4/2 - 2*b**3 - 6*b - 5. Let d be q(-8). Suppose -d = -5*f - 0*f + z, -378 = -3*f + 3*z. Is f a prime number?
True
Let o = 5 + -5. Suppose o*g + 5*c + 55 = -5*g, -4*g - 44 = -5*c. Is 9 + g + 89*1 composite?
True
Suppose -8 - 4 = -4*r. Let k = 37 + -35. Suppose 0 = -k*z - 2*z - 2*g + 1056, 3*z = r*g + 801. Is z composite?
True
Let p be 12/10*(-8)/(32/60). Let d = p + 141. Is d prime?
False
Suppose 15*z - 152358 = -37863. Is z a prime number?
False
Suppose 3*z + 1 = -4*y - 12, 5*z - 2*y + 39 = 0. Let i(f) = 18*f**2 - f - 10. Let k be i(z). Is 32/(-8)*k/(-12) a composite number?
False
Suppose 2971 = 4*p - 1473. Suppose 3*r - z - 230 = 443, -p = -5*r - z. Is r a composite number?
False
Suppose p - 2*i = 2*i - 22, 5*i - 77 = 4*p. Let d be p/27 + (-22)/(-6). Let z(t) = 4*t**3 + 4*t**2 - 4*t - 1. Is z(d) a composite number?
False
Let z(c) = c**2 - 7*c + 12. Let o be z(6). Let u be (-1)/3 - 4/o. Is (u - -2) + (-440)/(-4) a prime number?
False
Let c(n) = -57 + 13*n**2 - 55 + 100 - 4*n. Is c(5) a composite number?
False
Suppose -51*v + 48*v = -6933. Let i = v - 1052. Is i a composite number?
False
Suppose -9028 = 7*g - 11*g. Is g composite?
True
Suppose 0 = -10*m + 33461 + 25529. Is m a prime number?
False
Let v = 174 + -97. Suppose -82*j = -v*j - 5965. Is j a prime number?
True
Let o = 2211 + 85. Let j = -1377 + o. Is j composite?
False
Let l = 31946 - -755. Is l a prime number?
False
Is (-5)/90*3 - (-72175)/6 a composite number?
True
Let r(b) = 6*b - 2. Let h be (-14)/(-49) + 164/14. Let m be r(h). Suppose -5*x + 705 = m. Is x prime?
True
Suppose p = i + 1 + 7, -5*i = 0. Let v be p/(-7 - -3) + 6. Let s(j) = 82*j + 1. Is s(v) prime?
False
Suppose -10 = -3*a - 3*n + 2, a - 10 = -4*n. Suppose -a*u = -0*r + 5*r - 7508, r - 1506 = 4*u. Is r prime?
False
Suppose -3*m + 13 = 1, 0 = -3*c - 2*m + 5189. Is c a prime number?
False
Is ((-13956)/24)/(4/(-8)) prime?
True
Let k(h) = 36*h**2 - 3*h + 41. Is k(-18) a composite number?
True
Let k(u) be the second derivative of u**5/20 + u**4/6 - 2*u**3/3 + 1535*u**2/2 + 40*u. Is k(0) composite?
True
Let z(m) = 319*m + 2. Let s(i) = i - 3. Let t be s(4). Is z(t) composite?
True
Is 71871/45 - ((-51)/(-45) + -1) a prime number?
True
Suppose 59*h - 195128 = 51*h. Is h prime?
True
Let y = 34198 - 21595. Is y a composite number?
True
Let m(f) = 998*f - 25. Is m(4) composite?
False
Suppose -5*m + 9694 = 3*y, 3872 = -0*m + 2*m + 4*y. Suppose 2*n = -5*p + 4871, 3*p + 2*n + m = 5*p. Is p a composite number?
True
Let j be 10/25*(-410)/(-4). Let y = 48 - j. Let l(d) = d**3 - 3*d**2 + 9*d + 15. Is l(y) prime?
False
Suppose 4*g - s - 75217 = 0, -4*g - 18817 = -5*g - 4*s. Is g a composite number?
True
Let l(x) be the first derivative of 417*x**2/2 + 43*x - 10. Is l(4) a composite number?
True
Suppose -4*t = -2*i + 5*i - 16184, 0 = 3*i - 2*t - 16208. Let u = i - 2867. Is u composite?
True
Let b be 1*2*(-39)/(-6). Suppose -3*d = 2*z - 5*d - 14, -d + b = z. Is z a prime number?
False
Is (-6)/(-3 - 0)*30715/10 a composite number?
False
Let b(u) = u - 8. Let t be b(8). Let m(v) = v + 287. Is m(t) prime?
False
Let r = 5981 + -4165. Suppose -5*p - r = -4*a, -5*a - 2*p + 2253 = -4*p. Is a composite?
False
Let c be 3/4*(-5 - -9). Let n(o) = 15*o + 8. Is n(c) prime?
True
Let m be 2*(0 - 1/(-2)) + 12. Suppose -20629 - 116638 = -m*f. Is f a prime number?
True
Let d = 185 - -3. Suppose t - 437 = -2*g + d, t - 4*g - 643 = 0. Is t a prime number?
True
Let m = 395 + 2. Is m composite?
False
Let f(u) = u**2 - u + 1. Suppose -3*q + 44 = -5*b + 9, -q + 1 = b. Let a be f(b). Suppose w = 2 + a. Is w a composite number?
False
Let r = 15 + 190. Suppose 0 = -5*u - 4*d + 1025, d + r = -2*u + 3*u. Is u a prime number?
False
Suppose 3 = j, -5*j - 42122 - 8952 = -s. Is s a composite number?
True
Suppose -7851 = -h - 3*s, 3*h + 2*h - 39255 = 5*s. Is h a prime number?
False
Let o be 4/(-18) - (-1)/(9/(-43)). Is (-3)/o - 10828/(-20) a prime number?
False
Suppose 52*v + 5*z + 317897 = 55*v, -3*z = -4*v + 423870. Is v prime?
False
Suppose -5*d + 2498 = 8848. Let u = d - -1878. Suppose 4*j - u = -28. Is j composite?
True
Let z(o) = o - 7. Let b be z(-12). Let n = -19 - b. Suppose -r + 566 = c - 2*r, n = -3*c - 4*r + 1691. Is c composite?
True
Suppose -d - 7663 = -98*d. Is d composite?
False
Suppose 2*w + 21 = 5*w. Suppose w = d - 10. Let z(r) = r**3 - 16*r**2 - 11*r - 23. Is z(d) prime?
True
Let y = 2 - 16. Let n be (-188)/6*(-1 + y). Suppose 0 = -5*d + 3*d + n. Is d composite?
True
Let q = 9051 - 1282. Is q composite?
True
Let w be -4 + 4 + -23 + 1 - -4. Let o(c) = -c**3 - 19*c**2 - 24*c - 23. Is o(w) a composite number?
True
Let i = 5 + -8. Is (-5 - 218)/(3/i) prime?
True
Is 4 - (354825/(-5))/3 a prime number?
False
Let v be (5 - -2)*(-1 - 0). Let g = v + 49. Let a = g + -9. Is a prime?
False
Let i(t) = -t + 1. Let q be i(-1). Suppose 4*p - 2*b - 10228 = q*b, -5*b = 0. Is p a composite number?
False
Suppose -52*b = -49*b - 894. Suppose -2*c + 2016 = b. Let k = c - -336. Is k prime?
False
Let m(s) = 32*s**2 - 7*s + 4. Let t be m(-6). Suppose -t = -4*v - 5358. Is 6/14 - v/7 composite?
False
Suppose 3 = -2*n + 11. Is (3628/(-10))/(90/25 - n) a prime number?
True
Let m(b) = b**2 - 13*b + 3. Let u be m(13). Let l(g) = -g**2 + g + 6. Let p be l(u). Suppose p = o + k - 331, 844 = 2*o + 5*k + 191. Is o composite?
True
Let k(f) = -3*f - 9. Let z be k(-4). Suppose -2*w - z*u = -1054, -2*w + 2*u + 2597 = 3*w. Is w a prime number?
True
Let o(b) = -19*b**3 - 2*b**2 - 15*b - 15. Let k(r) = 10*r**3 + r**2 + 7*r + 8. Let j(l) = 5*k(l) + 3*o(l). Is j(-4) prime?
True
Supp